{"id":131,"date":"2017-07-08T22:23:45","date_gmt":"2017-07-08T20:23:45","guid":{"rendered":"https:\/\/freiherrvomsteinblog.wordpress.com\/?page_id=131"},"modified":"2025-09-04T15:15:13","modified_gmt":"2025-09-04T13:15:13","slug":"schulleitung","status":"publish","type":"page","link":"https:\/\/fvs-stelltsichvor.de\/wordpress\/schulleitung\/","title":{"rendered":"Schulleitung, Kollegium und Sprechzeiten"},"content":{"rendered":"\n<figure class=\"wp-block-image size-large\"><img loading=\"lazy\" decoding=\"async\" width=\"1024\" height=\"307\" src=\"https:\/\/fvs-stelltsichvor.de\/wordpress\/wp-content\/uploads\/2025\/09\/DSC09589-Panorama-Fotostudio-Kaufels-0825-1024x307.jpg\" alt=\"\" class=\"wp-image-10403\" srcset=\"https:\/\/fvs-stelltsichvor.de\/wordpress\/wp-content\/uploads\/2025\/09\/DSC09589-Panorama-Fotostudio-Kaufels-0825-1024x307.jpg 1024w, https:\/\/fvs-stelltsichvor.de\/wordpress\/wp-content\/uploads\/2025\/09\/DSC09589-Panorama-Fotostudio-Kaufels-0825-300x90.jpg 300w, https:\/\/fvs-stelltsichvor.de\/wordpress\/wp-content\/uploads\/2025\/09\/DSC09589-Panorama-Fotostudio-Kaufels-0825-768x230.jpg 768w, https:\/\/fvs-stelltsichvor.de\/wordpress\/wp-content\/uploads\/2025\/09\/DSC09589-Panorama-Fotostudio-Kaufels-0825-1536x461.jpg 1536w, https:\/\/fvs-stelltsichvor.de\/wordpress\/wp-content\/uploads\/2025\/09\/DSC09589-Panorama-Fotostudio-Kaufels-0825.jpg 1920w\" sizes=\"auto, (max-width: 1024px) 100vw, 1024px\" \/><figcaption class=\"wp-element-caption\"><em>Jeweils von links nach rechts,<\/em><br><em>untere Reihe: Herr Demirhan, Frau Jabs, Herr Bartel, Frau Kloth, Herr Wolff, Frau Sichma, Frau Rausch, Frau Lodde<br>erste Reihe: Herr Khezami, Herr Kr\u00e4tschmer, Frau Reinermann, Frau G\u00f6ker, Herr Schmitz, Frau H\u00f6rstmann, Frau Kitwoski, Frau Martin, Frau Heckhausen, Frau Ben Khalifa, Frau Rodemerk, Frau Vehring, Frau Amerongen, Frau Best, Frau Ayaz, Frau Helten, Herr Gaab, Frau Krause, Herr Link, Herr Stellmach<br>zweite Reihe: Frau Neweling, Frau Schneider, Frau Werner, Herr de Weerd, Frau Jochmann, Frau Dallm\u00f6ller, Frau Sanchez, Frau Schmitz, Frau Simon, Frau Kunz-Petereit, Herr Jan\u00dfen, Frau Haberer, Frau Mertens, Frau Burgmer, Frau Neidl, Frau B\u00f6ttcher, Herr M\u00fcller, Frau Esser, Herr Brinker, Herr Rupprecht, Frau Kahlen, Herr Krall, Herr Hanrath<br>dritte Reihe: Herr Blasius, Frau Balachandran, Frau Elmali, Frau Besiedina, Herr Sch\u00fcttenhelm, Frau Greve, Frau Barut, Frau Rozek, Frau Zikoll, Frau Kleinpass, Frau Mzyczek, Frau Dunkel, Frau Schlo\u00dfnikl, Frau Probst, Frau Thelen, Frau Grabowski-Music, Frau Perdun, Frau Lehmkuhl, Herr Kremer, Herr Hagemann, Frau Bormann, Herr Sindram, Frau Corbach, Herr Kaninekens, Frau Ropertz, Herr Gottschalk<\/em><\/figcaption><\/figure>\n\n\n\n<h3 class=\"wp-block-heading\">Unsere Schulleitung:<\/h3>\n\n\n\n<p>Schulleiter: Herr Bartel<\/p>\n\n\n\n<p>Stellvertreter: Herr Wolff<\/p>\n\n\n\n<p>2. Konrektor: Herr Demirhan<\/p>\n\n\n\n<h3 class=\"wp-block-heading\">Das Kollegium unserer Schule (Lehrer, Sonderp\u00e4dagogen, Schulsozialarbeiter) im laufenden Schuljahr 2025\/2026 und die Sprechzeiten:<\/h3>\n\n\n\n<p><strong>Bitte melden Sie sich bei einer Lehrkraft \u00fcber den Schulmanager, wenn Sie ein Gespr\u00e4ch vereinbaren m\u00f6chten. <\/strong><\/p>\n\n\n\n<p>Per E-Mail erreichen Sie unsere Lehrkr\u00e4fte, indem Sie die Adresse aus dem K\u00fcrzel vor dem Namen und der Endung <strong>@refvs.nrw.schule<\/strong> zusammensetzen. <\/p>\n\n\n\n<p>Stand: 4.09.2025<\/p>\n\n\n\n<figure class=\"wp-block-table\"><table><tbody><tr><td>K\u00fcrzel<\/td><td>Anrede<\/td><td>Nachname<\/td><\/tr><tr><td>Alt<\/td><td>Frau<\/td><td>Altuner<\/td><\/tr><tr><td>Aya<\/td><td>Frau<\/td><td>Ayaz<\/td><\/tr><tr><td>Bal<\/td><td>Frau<\/td><td>Frau Balachandran<\/td><\/tr><tr><td>Bar<\/td><td>Herr<\/td><td>Bartel<\/td><\/tr><tr><td>Bat<\/td><td>Frau<\/td><td>Barut<\/td><\/tr><tr><td>Ben<\/td><td>Frau<\/td><td>Ben Khalifa<\/td><\/tr><tr><td>Bec<\/td><td>Frau<\/td><td>Beckers<\/td><\/tr><tr><td>Bed<\/td><td>Frau<\/td><td>Besiedina<\/td><\/tr><tr><td>Bes<\/td><td>Frau<\/td><td>Best<\/td><\/tr><tr><td>Bla<\/td><td>Herr<\/td><td>Blasius<\/td><\/tr><tr><td>Bor<\/td><td>Frau<\/td><td>Bormann<\/td><\/tr><tr><td>Bot<\/td><td>Frau<\/td><td>B\u00f6ttcher<\/td><\/tr><tr><td>Bri<\/td><td>Herr<\/td><td>Brinker<\/td><\/tr><tr><td>Bur<\/td><td>Frau<\/td><td>Burgmer<\/td><\/tr><tr><td>Cor<\/td><td>Frau<\/td><td>Corbach<\/td><\/tr><tr><td>Dal<\/td><td>Frau<\/td><td>Dallm\u00f6ller<\/td><\/tr><tr><td>Dic<\/td><td>Herr<\/td><td>Dickneite<\/td><\/tr><tr><td>Dun<\/td><td>Frau<\/td><td>Dunkel<\/td><\/tr><tr><td>Elm<\/td><td>Frau<\/td><td>Elmali<\/td><\/tr><tr><td>Ess<\/td><td>Frau<\/td><td>Esser<\/td><\/tr><tr><td>Gaa<\/td><td>Herr<\/td><td>Gaab<\/td><\/tr><tr><td>Got<\/td><td>Herr<\/td><td>Gottschalk<\/td><\/tr><tr><td>Gok<\/td><td>Frau<\/td><td>G\u00f6ker<\/td><\/tr><tr><td>Grm<\/td><td>Frau<\/td><td>Grabowski-Music<\/td><\/tr><tr><td>Gre<\/td><td>Frau<\/td><td>Greve<\/td><\/tr><tr><td>Hab<\/td><td>Frau<\/td><td>Haberer<\/td><\/tr><tr><td>Hag<\/td><td>Herr<\/td><td>Hagemann<\/td><\/tr><tr><td>Han<\/td><td>Herr<\/td><td>Hanrath<\/td><\/tr><tr><td>Hec<\/td><td>Frau<\/td><td>Heckhausen<\/td><\/tr><tr><td>Hel<\/td><td>Frau<\/td><td>Helten<\/td><\/tr><tr><td>Hos<\/td><td>Frau<\/td><td>H\u00f6rstmann<\/td><\/tr><tr><td>Jan<\/td><td>Herr<\/td><td>Jan\u00dfen<\/td><\/tr><tr><td>Jar<\/td><td>Frau<\/td><td>Jaremba<\/td><\/tr><tr><td>Jav<\/td><td>Frau<\/td><td>Javadi<\/td><\/tr><tr><td>Joc<\/td><td>Frau<\/td><td>Jochmann<\/td><\/tr><tr><td>Kah<\/td><td>Frau<\/td><td>Kahlen<\/td><\/tr><tr><td>Kan<\/td><td>Herr<\/td><td>Kaninekens<\/td><\/tr><tr><td>Khe<\/td><td>Herr<\/td><td>Khezami<\/td><\/tr><tr><td>Kit<\/td><td>Frau<\/td><td>Kitowski<\/td><\/tr><tr><td>Klp<\/td><td>Frau<\/td><td>Kleinpass<\/td><\/tr><tr><td>Krm<\/td><td>Herr<\/td><td>Kr\u00e4tzschmar<\/td><\/tr><tr><td>Krl<\/td><td>Herr<\/td><td>Krall<\/td><\/tr><tr><td>Kra<\/td><td>Frau<\/td><td>Krause<\/td><\/tr><tr><td>Kre<\/td><td>Herr<\/td><td>Kremer<\/td><\/tr><tr><td>KuP<\/td><td>Frau<\/td><td>Kunz-Petereit<\/td><\/tr><tr><td>Leh<\/td><td>Frau<\/td><td>Lehmkuhl<\/td><\/tr><tr><td>Lin<\/td><td>Herr<\/td><td>Link<\/td><\/tr><tr><td>Lod<\/td><td>Frau<\/td><td>Lodde<\/td><\/tr><tr><td>Maa<\/td><td>Frau<\/td><td>Maas<\/td><\/tr><tr><td>Mar<\/td><td>Frau<\/td><td>Martin<\/td><\/tr><tr><td>Mer<\/td><td>Frau<\/td><td>Mertens<\/td><\/tr><tr><td>Mul<\/td><td>Herr<\/td><td>M\u00fcller<\/td><\/tr><tr><td>Mzy<\/td><td>Frau<\/td><td>Mzyczek<\/td><\/tr><tr><td>Nei<\/td><td>Frau<\/td><td>Neidl<\/td><\/tr><tr><td>New<\/td><td>Frau<\/td><td>Neweling<\/td><\/tr><tr><td>Per<\/td><td>Frau<\/td><td>Perdun<\/td><\/tr><tr><td>Pro<\/td><td>Frau<\/td><td>Probst<\/td><\/tr><tr><td>Rau<\/td><td>Frau<\/td><td>Rausch<\/td><\/tr><tr><td>Rer<\/td><td>Frau<\/td><td>Reinermann<\/td><\/tr><tr><td>Rod<\/td><td>Frau<\/td><td>Rodemerk<\/td><\/tr><tr><td>Rzk<\/td><td>Frau<\/td><td>Rozek<\/td><\/tr><tr><td>Rup<\/td><td>Herr<\/td><td>Rupprecht<\/td><\/tr><tr><td>Rop<\/td><td>Frau<\/td><td>Ropertz<\/td><\/tr><tr><td>San<\/td><td>Frau<\/td><td>Sanchez<\/td><\/tr><tr><td>Skl<\/td><td>Frau<\/td><td>Schlo\u00dfnikl<\/td><\/tr><tr><td>Smz<\/td><td>Frau<\/td><td>Schmitz<\/td><\/tr><tr><td>Sch<\/td><td>Frau<\/td><td>Schneider<\/td><\/tr><tr><td>Slt<\/td><td>Frau<\/td><td>Schulte<\/td><\/tr><tr><td>Sut<\/td><td>Herr<\/td><td>Sch\u00fcttenhelm <\/td><\/tr><tr><td>Sic<\/td><td>Frau<\/td><td>Sichma<\/td><\/tr><tr><td>Sim<\/td><td>Frau<\/td><td>Simon<\/td><\/tr><tr><td>Sin<\/td><td>Herr<\/td><td>Sindram<\/td><\/tr><tr><td>Ste<\/td><td>Herr<\/td><td>Steeger<\/td><\/tr><tr><td>Stl<\/td><td>Herr<\/td><td>Stellmach<\/td><\/tr><tr><td>The<\/td><td>Frau<\/td><td>Thelen<\/td><\/tr><tr><td>Thi<\/td><td>Frau<\/td><td>Thiem<\/td><\/tr><tr><td>Veh<\/td><td>Frau<\/td><td>Vehring<\/td><\/tr><tr><td>Ame<\/td><td>Frau<\/td><td>von Amerongen<\/td><\/tr><tr><td>Wee<\/td><td>Herr<\/td><td>De Weerd<\/td><\/tr><tr><td>Wer<\/td><td>Frau<\/td><td>Werner<\/td><\/tr><tr><td>Wir<\/td><td>Frau<\/td><td>Wirth<\/td><\/tr><tr><td>Wol<\/td><td>Herr<\/td><td>Wolff<\/td><\/tr><tr><td>Zik<\/td><td>Frau<\/td><td>Zikoll<\/td><\/tr><\/tbody><\/table><\/figure>\n\n\n\n<p><strong>Zum Team unserer Schule geh\u00f6ren au\u00dferdem:<\/strong><\/p>\n\n\n\n<p>Hausmeister: Herr und Frau Bertram, Herr Kilders<br>Sekretariat: Frau Jabs, Frau Kloth<\/p>\n\n\n\n<p><\/p>\n\n\n\n<p><\/p>\n","protected":false},"excerpt":{"rendered":"<p>Unsere Schulleitung: Schulleiter: Herr Bartel Stellvertreter: Herr Wolff 2. Konrektor: Herr Demirhan Das Kollegium unserer Schule (Lehrer, Sonderp\u00e4dagogen, Schulsozialarbeiter) im laufenden Schuljahr 2025\/2026 und die Sprechzeiten: Bitte melden Sie sich bei einer Lehrkraft \u00fcber den Schulmanager, wenn Sie ein Gespr\u00e4ch vereinbaren m\u00f6chten. Per E-Mail erreichen Sie unsere Lehrkr\u00e4fte, indem Sie die Adresse aus dem K\u00fcrzel [&hellip;]<\/p>\n","protected":false},"author":1,"featured_media":0,"parent":0,"menu_order":0,"comment_status":"closed","ping_status":"closed","template":"","meta":{"footnotes":""},"class_list":["post-131","page","type-page","status-publish","hentry"],"_links":{"self":[{"href":"https:\/\/fvs-stelltsichvor.de\/wordpress\/wp-json\/wp\/v2\/pages\/131","targetHints":{"allow":["GET"]}}],"collection":[{"href":"https:\/\/fvs-stelltsichvor.de\/wordpress\/wp-json\/wp\/v2\/pages"}],"about":[{"href":"https:\/\/fvs-stelltsichvor.de\/wordpress\/wp-json\/wp\/v2\/types\/page"}],"author":[{"embeddable":true,"href":"https:\/\/fvs-stelltsichvor.de\/wordpress\/wp-json\/wp\/v2\/users\/1"}],"replies":[{"embeddable":true,"href":"https:\/\/fvs-stelltsichvor.de\/wordpress\/wp-json\/wp\/v2\/comments?post=131"}],"version-history":[{"count":22,"href":"https:\/\/fvs-stelltsichvor.de\/wordpress\/wp-json\/wp\/v2\/pages\/131\/revisions"}],"predecessor-version":[{"id":10405,"href":"https:\/\/fvs-stelltsichvor.de\/wordpress\/wp-json\/wp\/v2\/pages\/131\/revisions\/10405"}],"wp:attachment":[{"href":"https:\/\/fvs-stelltsichvor.de\/wordpress\/wp-json\/wp\/v2\/media?parent=131"}],"curies":[{"name":"wp","href":"https:\/\/api.w.org\/{rel}","templated":true}]}}